
-de
In base 9, what is 134 - 32?
102
In base 6, what is 11220 + 4?
11224
In base 3, what is -11 + 212?
201
In base 11, what is -4689 - -5?
-4684
In base 16, what is 0 - -568?
568
In base 12, what is -1 - 15?
-16
In base 11, what is -10 + -41?
-51
In base 8, what is 412 + 7?
421
In base 4, what is 3 + 21?
30
In base 6, what is 444 - 12?
432
In base 13, what is -1 - 45a?
-45b
In base 3, what is 0 - -112?
112
In base 2, what is 1011000100011 - 10?
1011000100001
In base 12, what is 7 - 45?
-3a
In base 9, what is 35 - -113?
148
In base 7, what is 5 - 136?
-131
In base 4, what is -33 + 23?
-10
In base 7, what is 2 + 5432?
5434
In base 10, what is 17 + -6?
11
In base 2, what is 100111010 + 11?
100111101
In base 9, what is 11 + -60?
-48
In base 10, what is -51 - -2?
-49
In base 16, what is 165a + -5?
1655
In base 12, what is -17 - 4?
-1b
In base 7, what is -12621 - 0?
-12621
In base 8, what is -41 + -22?
-63
In base 10, what is 5 + 1301?
1306
In base 6, what is -23223 - -1?
-23222
In base 4, what is -231200 + 3?
-231131
In base 8, what is -3260 + 4?
-3254
In base 16, what is -5 - -392?
38d
In base 2, what is 110111011 - -101?
111000000
In base 15, what is 1b + dd?
109
In base 7, what is -1155 + 5?
-1150
In base 8, what is -226 + 162?
-44
In base 11, what is -1 + -9a7?
-9a8
In base 10, what is 0 - 105?
-105
In base 10, what is 8 + -127?
-119
In base 2, what is -1000 - 1010111010?
-1011000010
In base 14, what is 4 - -17a?
180
In base 10, what is 144 - -46?
190
In base 5, what is 31214 + 1?
31220
In base 4, what is -1 - -200033?
200032
In base 10, what is -2826 - -5?
-2821
In base 15, what is -1 + 29?
28
In base 15, what is 3994 - 4?
3990
In base 13, what is 0 - 32b?
-32b
In base 11, what is -2580 - -2?
-2579
In base 5, what is -104 - 224?
-333
In base 7, what is 3430 + -1?
3426
In base 15, what is 147 + -17?
130
In base 7, what is -2 + 424?
422
In base 2, what is -1011001 - -1?
-1011000
In base 15, what is 4 + -204?
-200
In base 2, what is 10000 + 101011111?
101101111
In base 16, what is -5fe + -4?
-602
In base 2, what is 101 + 1100?
10001
In base 16, what is -5f + 1?
-5e
In base 14, what is 738 - 3?
735
In base 6, what is 23 + -2?
21
In base 10, what is -5 + -5502?
-5507
In base 14, what is -282 - 0?
-282
In base 4, what is 1 + 203222?
203223
In base 15, what is 5 - 45?
-40
In base 14, what is 15a + -5?
155
In base 12, what is -14 + 14?
0
In base 5, what is -12 - -10?
-2
In base 8, what is -1 + -2043?
-2044
In base 7, what is 326 - 4?
322
In base 12, what is 9 + -14?
-7
In base 13, what is 5 + -44?
-3c
In base 9, what is -2670 + -3?
-2673
In base 8, what is -1421 - -2?
-1417
In base 9, what is -1 + -5?
-6
In base 6, what is 12142 - 0?
12142
In base 7, what is 3 + 44?
50
In base 4, what is 133 - 12?
121
In base 7, what is -2 - 56?
-61
In base 5, what is 10143 + 32?
10230
In base 16, what is -16e8 + 0?
-16e8
In base 5, what is 20 - -30?
100
In base 15, what is -1 - 8a?
-8b
In base 12, what is -2698 - a?
-26a6
In base 2, what is -1010 - 110000?
-111010
In base 2, what is 1110000 + 1110?
1111110
In base 7, what is 416 + 4?
423
In base 3, what is 12112 + -2?
12110
In base 16, what is -21 + -1f?
-40
In base 4, what is -13301 - -31?
-13210
In base 16, what is 185 - 5?
180
In base 2, what is -110 - 100000100100?
-100000101010
In base 7, what is -1 - 16?
-20
In base 5, what is -211 - 2?
-213
In base 2, what is -10 - -1111110011010?
1111110011000
In base 13, what is -668 + -5?
-670
In base 15, what is 14a + c?
157
In base 10, what is 21 + -14?
7
In base 4, what is 3 + 313?
322
In base 13, what is -41 + -4b?
-8c
In base 14, what is 2 - -5d?
61
In base 14, what is 0 + 64b?
64b
In base 2, what is 1010010101111000 + 1?
1010010101111001
In base 6, what is 4 - 3243?
-3235
In base 16, what is 11 + -9b?
-8a
In base 9, what is -4 + 53?
48
In base 15, what is 5 + -362?
-35c
In base 5, what is 4 - -1204?
1213
In base 6, what is -35 + 3?
-32
In base 15, what is 7c + 2b?
a8
In base 7, what is -1 - -1115?
1114
In base 16, what is -5 - -c0a?
c05
In base 6, what is -4 - -1131?
1123
In base 16, what is -2e - 4c?
-7a
In base 14, what is 2 - 326?
-324
In base 4, what is 1111 + -10?
1101
In base 11, what is -1143 + 1?
-1142
In base 10, what is -316 - -5?
-311
In base 16, what is 82 - 5?
7d
In base 4, what is -30 - -11?
-13
In base 12, what is -114b + -5?
-1154
In base 11, what is 23a + 5?
244
In base 9, what is 52 - 0?
52
In base 14, what is 4 - 2b?
-27
In base 15, what is 38 + -3?
35
In base 9, what is -21 - -5?
-15
In base 7, what is -1046 + -52?
-1131
In base 12, what is -129 - -3?
-126
In base 11, what is -4 - 3421?
-3425
In base 6, what is -4 + -10153?
-10201
In base 13, what is 30 + -25?
8
In base 14, what is -4a + -42?
-8c
In base 2, what is 10010001 + 10111111?
101010000
In base 16, what is 5 - -26?
2b
In base 8, what is -156 - 1?
-157
In base 9, what is -80 - -76?
-3
In base 8, what is 551 - 0?
551
In base 7, what is 35 + 30?
65
In base 7, what is -12 - -463?
451
In base 12, what is 75a - 1?
759
In base 4, what is 20 - 11?
3
In base 7, what is -16 + -2462?
-2511
In base 15, what is -43 - 3?
-46
In base 7, what is 111 + 60?
201
In base 11, what is -378 - 4?
-381
In base 10, what is 297 + -2?
295
In base 12, what is 109 + -2?
107
In base 6, what is 214 + -52?
122
In base 7, what is -10 - -14?
4
In base 5, what is -220 + 2?
-213
In base 4, what is -3 + -210?
-213
In base 16, what is -8 + 6b?
63
In base 2, what is 1001111 - -11?
1010010
In base 2, what is -10100001 + -100101?
-11000110
In base 7, what is -5303 - -2?
-5301
In base 11, what is 0 - 578?
-578
In base 8, what is 5 - 1335?
-1330
In base 9, what is -27 - -27?
0
In base 12, what is 0 + 1879?
1879
In base 10, what is 58 - 1?
57
In base 9, what is -201 - -13?
-177
In base 11, what is -2133 - -2?
-2131
In base 6, what is 2 - 3301?
-3255
In base 16, what is 9e + 0?
9e
In base 10, what is -1143 + -2?
-1145
In base 15, what is -1 - -7?
6
In base 9, what is -23 - 1021?
-1044
In base 5, what is 4 - -10110?
10114
In base 6, what is -2 - -14150?
14144
In base 2, what is 10000011101 - 1?
10000011100
In base 6, what is -1231 - 0?
-1231
In base 16, what is -4 + -1d?
-21
In base 16, what is -572 + 5?
-56d
In base 13, what is -53c2 - 4?
-53c6
In base 7, what is -401 - 5?
-406
In base 10, what is -256 + -91?
-347
In base 4, what is 2 - -221?
223
In base 11, what is -4 - -351?
348
In base 7, what is 401 - 4?
364
In base 8, what is 25 - -1?
26
In base 16, what is -7e - 9?
-87
In base 15, what is b + 51?
5c
In base 14, what is -1 - -3dd?
3dc
In base 12, what is 4 + -435?
-431
In base 4, what is -2322 + 231?
-2031
In base 16, what is -1 + 86?
85
In base 12, what is -3 + -1909?
-1910
In base 14, what is -6 + 33?
2b
In base 11, what is -99a6 - 4?
-99aa
In base 14, what is -3 - -3b?
38
In base 12, what is -105 - 8?
-111
In base 8, what is -3 - 106?
-111
In base 11, what is 37 + 152?
189
In base 11, what is -166 - 15?
-180
In base 5, what is -23220 + 3?
-23212
In base 7, what is 1312 + -1?
1311
In base 6, what is -3440 - -5?
-3431
In base 15, what is 119 - -5?
11e
In base 15, what is -14 - 5?
-19
In base 3, what is 201 + -2?
122
In base 12, what is 2 + -1a76?
-1a74
In base 13, what is -311 + -4?
-315
In base 6, what is 1 - 33321?
-33320
In base 5, what is -13 + 201?
133
In base 10, what is -5 + 14?
9
In base 10, what is -2 - -246?
244
In base 13, what is 5 - 43?
-3b
In base 15, what is 49e - 0?
49e
In base 16, what is 1043 + 0?
1043
In base 9, what is 6 - -33?
40
In base 7, what is -3004 + -21?
-3025
In base 10, what is -4 + -341?
-345
In base 11, what is -2 - 1270?
-1272
In base 16, what is -61 + -1b?
-7c
In base 11, what is -9159 - -4?
-9155
In base 4, what is 0 - 132?
-132
In base 5, what is 141400 - 10?
141340
In base 3, what is -1 - 10222?
-11000
In base 15, what is -11 - 8c?
-9d
In base 3, what is 10 - -2221?
10001
In base 11, what is -1 - -14?
13
In base 5, what is 3 + -330?
-322
In base 6, what is 110 - 14?
52
In base 10, what is -42 + -8?
-50
In base 11, what is 1 - 825?
-824
In base 15, what is 15 + 2?
17
In base 13, what is 5 + -2772?
-276a
In base 12, what is 6 + -a6?
-a0
In base 16, what is -1 + -118?
-119
In base 12, what is -9905 - 2?
-9907
In base 16, what is b + -2?
9
In base 4, what is -23 - -3?
-20
In base 10, what i